t t(g) = -g**2 - 4*g + 8. Let f be t(-5). Suppose -3*m - 4*i + 12636 = -i, m - 4222 = -f*i. Is m a prime number?
False
Suppose 9*j = 241158 - 54471. Is j a composite number?
False
Suppose 9*v + 6755 = 4*v. Is (v + -1)/(-4) + 3 a composite number?
True
Let v(o) = 39*o**2 - 32. Let l = -57 - -48. Is v(l) composite?
True
Let u = 1766 - -1080. Is u prime?
False
Let p = 4584 - 1851. Is p composite?
True
Let v(s) = 3*s**2 - 26*s - 13. Is v(36) a composite number?
False
Let q(h) be the second derivative of -88*h**3/3 - h**2 - 40*h. Is q(-3) a composite number?
True
Is ((-11)/4)/(59/(-265028)) a composite number?
True
Suppose -l + 10 = -6*l. Is (8*l/(-4) - 3) + 634 composite?
True
Let j(r) = -70 + 130 - 63 - 4*r + 5*r**2. Is j(-2) prime?
False
Let b = 9594 + 5041. Is b a prime number?
False
Suppose -m = -2*c + 2*m - 5, -c = -m + 2. Let w(y) = -4*y**3 + y**2 - 1. Let u be w(c). Suppose 0*v - 4*s + 115 = v, -u*s - 265 = -3*v. Is v prime?
False
Let h be (-1 - (-3 + -2))/(-2) - -4538. Suppose 0 = 8*y + 976 - h. Is y a prime number?
False
Let u(j) = 19*j**3 + j**2 - 4*j + 2. Let k be u(-4). Let f = -748 - k. Suppose -437 = -2*m + 3*p, 2*p = 2*m - 2*p - f. Is m composite?
False
Let j = -114 - -117. Is (-1371)/6*(j + -5) composite?
False
Let t be (22293/15)/(-3) - 4/(-10). Let g = -284 - t. Is g composite?
False
Suppose -8*m = -24*m + 577136. Is m composite?
True
Suppose -20*y = -15*y - 17465. Is y prime?
False
Suppose 3*y = -3*h + 34056, -3*y - y + 5*h = -45399. Is y a composite number?
False
Suppose 2*s + 13*s = -255. Let r = s + 490. Is r prime?
False
Is 0 - (-1703 - (5 - -1)) a composite number?
False
Suppose 23 = -6*v + 1883. Let q = 352 + v. Is q a composite number?
True
Is (2 - (7 + -3)) + 6131 + 2 composite?
False
Let k(z) = z**3 - 2 + 2 + 6*z**2 - z**2. Let i be k(-5). Suppose -5*d = 5*m - 1860, i*m + 4*m + 2*d - 1490 = 0. Is m composite?
False
Suppose 13*i - 12 = 17*i. Is 0 + -3 + (-888)/i a prime number?
True
Is (-20712)/(-48)*(5 - -1) composite?
True
Let u(n) = n**2 - 35*n - 25. Let l be u(36). Let z be (-1 - 18/(-4))*358. Suppose -z = 4*h - l*h. Is h a composite number?
False
Is 3551 + -1 + (-8)/(104/65) a composite number?
True
Suppose 7 + 28 = -5*l. Let u(v) = 55*v**2 - 6*v - 4. Is u(l) composite?
True
Suppose 0 = -4*f - 2*q - 46, -4*f = -q + 43 - 6. Is (-5)/f + 661/2 composite?
False
Suppose -47*k + 4*k + 2786486 = 0. Is k a prime number?
False
Let j(d) be the third derivative of 5*d**5/12 + 3*d**4/8 - 5*d**3/2 - 10*d**2. Let v = 21 - 13. Is j(v) composite?
False
Let i(r) = -r + 5. Let n(x) = 3*x**3 + x**2 - x. Let u be n(1). Let f be i(u). Is f - -3 - 2 - -46 prime?
False
Let g(c) = -10*c**3 + 2*c**2 - c + 6. Let w(p) = 19*p**3 - 5*p**2 + 3*p - 12. Let h(u) = 11*g(u) + 6*w(u). Is h(5) a prime number?
False
Let c be (-2)/4*-4 + 4. Is 10020/8*4/c composite?
True
Let v = 2046 + -889. Is v prime?
False
Suppose 4*a = -3*r + 19, -4*r = a - 7 - 1. Suppose -a*q + 73 = -79. Is q prime?
False
Let y = -6599 + 14716. Is y composite?
False
Let z(p) = 126*p**2 + p. Let j be z(1). Let o = j - -85. Is (o/(-8))/((-2)/4) composite?
False
Suppose -2*g + 30046 = 5*b, -2*b = -6*g + g + 75057. Is g prime?
True
Suppose -1741 = 4*h - 5*n, -5*h + 414 = -6*h - 3*n. Suppose -477 - 163 = g. Let s = h - g. Is s composite?
False
Is 4*(-7 + (-5175)/(-4)) a prime number?
True
Suppose -40*f + 41*f - 9865 = 0. Is f prime?
False
Let x = -42 + 41. Is (2/(20/3155))/(x/(-2)) a prime number?
True
Let x = -87 - -92. Suppose 21461 = 3*u + x*n, 4*n = 3*u - 0*n - 21425. Is u prime?
False
Is 5 + -4 + (-3 - 16*-16) composite?
True
Let t(w) = 25*w**2 + 18*w + 3. Is t(-8) a prime number?
True
Let a be (4/(-6))/((-52)/(-858)). Let x(y) be the third derivative of y**6/120 + y**5/6 - 7*y**4/12 + 2*y**3/3 + 2*y**2. Is x(a) a composite number?
False
Suppose -17*b = 217699 - 41715. Let i = -3895 - b. Is i a prime number?
False
Let d = 8 + 70. Let w = 2 + 2. Suppose w = -2*n + d. Is n prime?
True
Let t(p) = -5*p + 111*p**3 + 54*p**3 + 7*p + 2*p - 2. Is t(1) prime?
True
Suppose -2*j + j + 176 = 0. Suppose 0 = -6*s + j + 118. Is s composite?
True
Let z(c) = c**3 + 10*c**2 - 12*c - 1. Let v be z(-11). Suppose -3*q + 59 + v = -2*t, 4*t = 0. Is q composite?
False
Suppose -3*m + 0*s + 345 = -s, -m = 4*s - 115. Let g = 0 + 24. Let l = m - g. Is l a prime number?
False
Suppose 119483 + 21605 = -8*v. Let y = v - -25783. Is y prime?
True
Let l be 3 - ((-20)/8 - 3/(-2)). Suppose -181 = -3*f - l*a, 2*a - a = 5*f - 340. Is f prime?
True
Is 6/2 - (-1757 - -6) composite?
True
Suppose -4*j + o + 245 = -9*j, 187 = -4*j + o. Is -3*14044/j + 6/(-8) composite?
False
Let s = 2097 + 824. Is s composite?
True
Let v be (-2 + 553)/(2/(-14)). Let p = -472 - v. Is p composite?
True
Let a(y) = -93*y. Let f be a(-14). Let n = 1951 - f. Is n prime?
False
Is (-16068)/(-12) + (10 - 0) prime?
False
Let z(f) = -71*f + 1157. Is z(0) a composite number?
True
Suppose -b - 2*b = -2*p - 689, 2*p = 5*b - 1155. Is 4 + 5*b/1 a prime number?
False
Let z(u) = 94*u**2 + u - 3 + u + 187*u**2 - 94*u**2. Let i(m) = -m**2 + 7*m - 4. Let p be i(6). Is z(p) composite?
True
Let p(n) = 510*n**2 + n - 3. Let z be p(1). Suppose 14*h = 2*u + 19*h - z, 2*h = 3*u - 743. Is u a composite number?
True
Let d(g) = 9*g + 170. Is d(19) prime?
False
Suppose -61*l + 69068 = -57*l. Is l a composite number?
True
Let t(d) = -d**3 - 12*d**2 - 5*d + 9. Let p be t(-6). Let k be (-3 - 1)*(99 - -1). Let u = p - k. Is u prime?
True
Suppose -6944 = -9*w + 571. Is w a prime number?
False
Let n = 188 + 76. Suppose 2*s - 295 = -d, -610 - n = -3*d + 5*s. Is d a prime number?
True
Let o(a) = 3*a**2 + 11*a - 73. Is o(12) composite?
False
Suppose 2*c + 11160 - 26831 = -3*v, 0 = -2*c + 2*v + 15656. Is c a prime number?
False
Let n be (-2 - -1)/(2/(-16)). Let g be 620/(-2)*(-12)/n. Suppose -6*y = -y - g. Is y composite?
True
Suppose -33048 = -10*c + 7*c + 3*t, -5*t - 33054 = -3*c. Is c a composite number?
True
Suppose -3*s - 2*m = -6*m - 188687, -s + 2*m + 62895 = 0. Is s a prime number?
True
Suppose 4*i = -c + 23, 0 = -2*c - 3*c + 15. Suppose 0*g = i*g + 1555. Let y = 534 + g. Is y a prime number?
True
Let z(o) = -783*o + 30. Is z(-1) a composite number?
True
Let w(j) = -85*j + 1. Let h be w(-3). Suppose -2*o - 136 = h. Is 0 + (1 - -2) - o a prime number?
True
Let w(j) be the third derivative of -j**6/360 + 199*j**5/120 + j**4/12 + 2*j**2. Let o(l) be the second derivative of w(l). Is o(0) composite?
False
Suppose 43*w - 1444922 - 2041905 = 0. Is w prime?
False
Let h(g) = -g**3 + 16*g**2 + 25*g - 33. Let x(c) = -c**3 + 17*c**2 + 26*c - 33. Let z(j) = -5*h(j) + 4*x(j). Is z(14) prime?
True
Let z = -2477 - -4443. Is z composite?
True
Let h(w) = -30*w**2 - 6*w - 5. Let m be h(4). Let q = 768 + m. Is q a composite number?
True
Let j = 4891 - 1668. Is j a composite number?
True
Let b(x) = -x + 1. Let q be b(-4). Suppose q*t - 2*g - 57 = 716, -2*g = -t + 153. Is t a composite number?
True
Suppose 5*i - 7 = 5*x - 92, 4*x + i = 53. Suppose -4*u - 22 = x. Let b(t) = t**3 + 11*t**2 + 13*t - 2. Is b(u) composite?
False
Suppose 65 = 5*j - 2*l, -5 + 0 = -j + 2*l. Let h(v) = 0*v**3 - 11*v + 20 + 17*v**2 + 6*v - 10*v - v**3 + 2*v**2. Is h(j) a prime number?
False
Let u(m) = 9*m + 953. Is u(-26) prime?
True
Let q = 22 - 21. Let x be -29*(-4)/q + 1. Suppose 0 = 2*o + 5*f - x, -o - f + 81 = -3*f. Is o a prime number?
True
Let k(q) = -q**2 + 11*q + 13. Let u be k(12). Let x(j) = -u + 4 - 21*j - 5. Is x(-8) a composite number?
True
Suppose -4 = 2*y + 3*y - 3*i, -5*i = 3*y - 18. Suppose p - 11 = y. Let k = 3 + p. Is k prime?
False
Let x(f) = 2*f**2 + 11*f + 7. Let r be x(8). Let p = r - 134. Is p composite?
False
Suppose 15*h + 22 = 97. Let l(u) = 2*u**3 - 4*u**2 - 8*u + 21. Is l(h) prime?
True
Let p = 13 + -8. Suppose -250 = -p*i - 85. Suppose 1609 = 2*t - i. Is t a prime number?
True
Let o be -27215*9/(90/(-4)). Is (-20)/(-80) - o/(-8) prime?
True
Let a = -545 + 1329. Let k = a - 257. Is k composite?
True
Let v = -249 - -10900. Is v a composite number?
False
Let k(t) = -11*t - 2. Let s(l) = 5. Let f(h) = 2. Let y(i) = -8*f(i) + 3*s(i). Let n(u) = k(u) - 3*y(u). Is n(-10) prime?
False
Let s = 26 - 27. Let j(m) be the first derivative of -163*m**4/4 + m**3/3 - m + 4. Is j(s) a prime number?
T